/(13/2 - 8). Let s be (-2 + -14)*(-3)/m. Suppose 0 = n + n - s. Calculate the greatest common factor of n and 18.
6
Let n be 16/7 - (6/(-7))/(-3). Suppose -5*o + o - 2*h = -2, 6 = -n*h. Suppose -3*j + 52 = -o. What is the highest common factor of 144 and j?
18
Suppose -6*n = -3*s - 27, 5*n + 1286*s - 1284*s - 9 = 0. Calculate the greatest common divisor of n and 303.
3
Suppose -4 = 4*i - 2*b, 26*i + 4 = 21*i + 2*b. Suppose i = -17*l + 16*l + 6. What is the highest common divisor of 204 and l?
6
Suppose -2*k = -5*l + 82, 3*l + 0*k = -3*k + 45. Calculate the highest common divisor of l and 1808.
16
Suppose 55*d + 3*d - 2104 = -132. Calculate the greatest common divisor of 46546 and d.
34
Suppose 17*f - 1298 = 28*f. Let q = f + 158. Calculate the greatest common divisor of 8 and q.
8
Let s = 82 + -276. Let c = 223 + s. What is the greatest common factor of c and 522?
29
Let a(g) = 4*g + 55. Let y be a(-13). Suppose -5*z + y*v = v + 121, -98 = 4*z - v. Let n = z + 34. What is the greatest common divisor of n and 171?
9
Let l = 50 + -137. Let n be (6/5)/(l/(-20300)). Calculate the highest common divisor of 120 and n.
40
Suppose -3*s = -15*m + 13*m + 22, -2*m = -4*s - 26. Suppose 5*i - 16 = -3*r, r - m*i + i = -6. Calculate the greatest common divisor of r and 18.
2
Let j be 57/2 + 5/10. Suppose j*z - 162 = 27*z. Let q(k) = -15*k - 3. Let s be q(-2). Calculate the highest common divisor of z and s.
27
Let r(j) = -3*j**2 - 76*j - 13. Let w be r(-25). Suppose w + 8 = 4*l, 4*l = a - 1. Calculate the highest common divisor of a and 336.
21
Let r(s) = 9*s**2 + 93*s + 6. Let d be r(29). Calculate the greatest common divisor of 16 and d.
16
Suppose -767 = 3*c - 4*c. Let y = c - 392. Suppose -8*s = -y - 73. What is the greatest common divisor of 84 and s?
28
Let z = -3361 + 3436. Calculate the highest common divisor of 27 and z.
3
Suppose 17376 = 13*d + 11*d. Let v = d - 646. What is the greatest common divisor of 26 and v?
26
Suppose -4*n = 4*d + 208, -1 = -0*d + d. Let j be 1/(-5 + n/(-10)). Calculate the greatest common factor of 30 and j.
10
Let v = 3 - 0. Let b(w) = -w**2 + 16*w - 138. Let c be b(10). Let s be (-1158)/c + 11/(-13) + 1. Calculate the highest common divisor of v and s.
3
Suppose 2*i - 324 = -i. Suppose 0 = 3*d - 2*p - 474, p + 123 - 777 = -4*d. What is the highest common divisor of i and d?
54
Let p(m) = 2*m + 7*m + 44 + 5*m - 8*m. Suppose 0*d + 22 = 2*d. Let q be p(d). What is the greatest common divisor of q and 44?
22
Suppose 1730 = 42*f - 43*f. Let g be -3 - (4/(-6) + f/6). Calculate the greatest common factor of g and 22.
22
Let v(w) = -22*w - 137 + 112*w + 155. Let g be v(1). What is the greatest common divisor of 24 and g?
12
Let w = -823 - -828. Suppose 0 = -n - 3*s + 75, 95 = 2*n - 6*s + s. Calculate the greatest common factor of w and n.
5
Let m be ((-14)/42)/((-2)/30). Let x(k) = m*k**2 - 11*k**2 + 13 + 7*k**2 - 10*k. Let t be x(10). What is the highest common factor of t and 39?
13
Let b(s) be the third derivative of -s**5/60 - 5*s**4/12 + 4*s**3/3 + 11*s**2. Let q be b(6). Let r = -55 - q. What is the greatest common factor of 3 and r?
3
Suppose u + 99 = 4*u. Let y be (-16 - 0)*61677/(-3738). What is the highest common divisor of y and u?
33
Let q be -2*2*1 + (-168)/8. Suppose t - v = -6, -3*v - 15 = 2*v. Let n = t - q. What is the greatest common factor of 40 and n?
8
Suppose -4*x + 2*t + 90 = 0, 5*x - 90 = 2*t + 23. Let f = 33 - 31. Suppose x = k + u, k - f*u = -3 + 26. What is the greatest common divisor of k and 115?
23
Suppose 2*d + 155 = 3*s + 365, -2*s + 468 = 4*d. Suppose -21*x + 24*x - 456 = 0. Calculate the highest common factor of d and x.
38
Let q(c) = -2*c**3 - 4*c**2 + 4*c + 12. Let k be q(5). Let p = 328 + k. What is the highest common divisor of 1030 and p?
10
Suppose -2*k + 1 = -3. Let y(a) = 2*a - 13. Let s be y(11). Suppose -5*f - 6 = s, k*f = w - 54. What is the highest common divisor of 32 and w?
16
Let o be 4/(4 - 0) + 37. Suppose 12 - o = -x. Suppose 0 = -g + 4*m + 278, -2*g + g + 290 = 2*m. What is the greatest common factor of g and x?
26
Let q = -1903 - -1176. Let g = q - -1023. Calculate the greatest common divisor of g and 8.
8
Let o(w) = 41*w**2 + 5*w + 2. Let p be o(2). Let x = -43 + 65. What is the greatest common divisor of p and x?
22
Suppose -10*v = 79 + 21. Let g(z) = 25 + 2*z - 3*z + 0. Let u be g(v). Calculate the greatest common factor of 5 and u.
5
Suppose 9*h - 7560 = -54*h. Suppose 0 = -11*t + 17*t - h. Let c = 314 + -174. Calculate the greatest common factor of t and c.
20
Let g = 1428 + -1346. Let k(t) = -32*t - 15. Let m be k(-12). What is the highest common divisor of g and m?
41
Let f(s) = 23*s**2 - 419*s + 2073. Let q be f(5). Calculate the greatest common divisor of 158 and q.
79
Let m(g) = g**3 - 5*g**2 - g + 12. Let h be m(4). Let p be 6/h - 11874/(-24). What is the greatest common divisor of 26 and p?
26
Let s = 741 + -747. Let v(y) = 20*y**2 - 2*y - 102. Let j be v(s). Calculate the greatest common divisor of 90 and j.
90
Let f(i) = -i**3 + 2*i**2 + i - 1. Let g be f(0). Let x be (-3*(-326)/(-6))/g. Suppose 257 + x = 5*o. What is the greatest common divisor of 21 and o?
21
Let k(j) = j + 21. Let v = -32 - -27. Let l be k(v). Suppose -4*b + 134 = -4*s + 2*s, -5*s - 79 = -2*b. Calculate the greatest common divisor of l and b.
16
Let q be (-200)/(-15)*((-4)/(-22) - 1930/(-275)). What is the greatest common divisor of 5664 and q?
96
Let j = -3735 + 3762. What is the highest common divisor of 879 and j?
3
Let a be -23 - (-15)/(-6)*(-4)/5. Let b = 197 + a. What is the greatest common factor of b and 11?
11
Let l be 14 + 3/(-1) + 1 + -2. Calculate the highest common factor of 510 and l.
10
Let o be (-1)/2 - 972/72 - -32. Let a be 1/((10/(-24))/(-5)). Calculate the highest common divisor of o and a.
6
Suppose 23*t + 23241 = 139*t + 11*t. Let a(b) = 49*b + 11. Let n be a(6). What is the greatest common divisor of t and n?
61
Let k be ((-7)/(-2))/((-5)/(-160)). Let t(x) = 2 + 2*x**3 - 3*x**3 + 11*x**2 + x - 3 + 4. Let r be t(11). Calculate the highest common divisor of r and k.
14
Let y be (1610/5)/(-23) + 129. What is the greatest common divisor of 260 and y?
5
Suppose -210*j = -185*j - 594 - 31. What is the highest common divisor of j and 7025?
25
Let r(n) = -223*n + 4439. Let a be r(-91). What is the greatest common divisor of 108 and a?
108
Suppose 64*k - 85*k = -3916 + 808. What is the highest common factor of k and 1517?
37
Let m(n) = -3*n - 14. Suppose 3*z + 16 = 5*k - 2, k - 4*z = 7. Suppose -8*r + k*r - 30 = 0. Let w be m(r). What is the highest common factor of w and 36?
4
Let f(v) = 2573*v - 15404. Let r be f(6). Calculate the greatest common divisor of 8024 and r.
34
Suppose -18*h = 792 + 1710. Let k(g) = -g + 2. Let t be k(6). Let c be h/t - 66/88. What is the highest common divisor of c and 136?
34
Let y be -5279 + -1 + 3*20/12 + -7. Let t = -1 + -1. Let q be y/(-133) + t/(-7). What is the greatest common factor of 16 and q?
8
Let w = 1036 - 1009. What is the greatest common divisor of 333 and w?
9
Let k be 424*11/(-110)*-5. What is the highest common divisor of k and 1113?
53
Suppose 2*i = -3*b + 1097, 2*i - 56*b - 1103 = -61*b. Calculate the greatest common factor of i and 323.
17
Suppose 0*s = 2*s + 36. Let m be s/(5/(-35)*-2). Let q = m - -83. What is the highest common divisor of 12 and q?
4
Let h(l) = 4*l**2 + 19*l + 10. Let a(q) = q**2 - 15*q + 8. Let o be a(14). Let g be h(o). Calculate the greatest common factor of 15 and g.
5
Suppose b + n = 8, 4*n + 6 + 32 = 3*b. Let v(p) = -3*p + 50. Let g be v(0). What is the highest common factor of g and b?
10
Let x be -6*3/6 + 27. Let u = -91 + 94. Suppose -3*v - 23 = 3*o - 4*o, 39 = 3*o - u*v. Calculate the greatest common divisor of x and o.
8
Let b = 209 + -65. Suppose -8*l + 4*l = -b. Suppose g = -c + 111, 12*g - 13*g = 3*c - 117. What is the greatest common divisor of g and l?
36
Suppose 0 = 8*z - 441 + 52 - 75. What is the highest common divisor of z and 9106?
58
Suppose -r = 2, -7*r - 1004 = s - 10*r. Let i = 1681 + s. Calculate the greatest common factor of 61 and i.
61
Let h(f) = 17*f**2 - 5*f + 100. Let n be h(0). Calculate the highest common factor of 270 and n.
10
Suppose -16*a + 8*a = 0. Suppose -5*s - 